e the remainder when 659 is divided by 51.
47
What is the remainder when 620 is divided by 53?
37
What is the remainder when 1007 is divided by 36?
35
Calculate the remainder when 36 is divided by 3.
0
Calculate the remainder when 30 is divided by 9.
3
Calculate the remainder when 115 is divided by 58.
57
What is the remainder when 1000 is divided by 11?
10
What is the remainder when 2805 is divided by 400?
5
What is the remainder when 301 is divided by 293?
8
What is the remainder when 147 is divided by 76?
71
What is the remainder when 1382 is divided by 14?
10
Calculate the remainder when 187 is divided by 27.
25
Calculate the remainder when 3130 is divided by 98.
92
Calculate the remainder when 533 is divided by 28.
1
What is the remainder when 8698 is divided by 311?
301
What is the remainder when 1154 is divided by 15?
14
Calculate the remainder when 4863 is divided by 128.
127
Calculate the remainder when 1206 is divided by 84.
30
What is the remainder when 170 is divided by 22?
16
Calculate the remainder when 116 is divided by 9.
8
Calculate the remainder when 1679 is divided by 60.
59
Calculate the remainder when 29 is divided by 9.
2
What is the remainder when 772 is divided by 194?
190
What is the remainder when 250 is divided by 70?
40
What is the remainder when 1257 is divided by 14?
11
Calculate the remainder when 150 is divided by 35.
10
Calculate the remainder when 411 is divided by 92.
43
What is the remainder when 104 is divided by 94?
10
Calculate the remainder when 1637 is divided by 18.
17
What is the remainder when 282 is divided by 7?
2
What is the remainder when 208 is divided by 15?
13
Calculate the remainder when 860 is divided by 28.
20
Calculate the remainder when 1349 is divided by 27.
26
Calculate the remainder when 4826 is divided by 42.
38
What is the remainder when 235 is divided by 119?
116
What is the remainder when 54 is divided by 5?
4
Calculate the remainder when 595 is divided by 53.
12
Calculate the remainder when 547 is divided by 268.
11
What is the remainder when 152 is divided by 48?
8
What is the remainder when 1838 is divided by 20?
18
Calculate the remainder when 518 is divided by 109.
82
What is the remainder when 1642 is divided by 27?
22
Calculate the remainder when 164 is divided by 66.
32
What is the remainder when 891 is divided by 14?
9
Calculate the remainder when 120 is divided by 99.
21
Calculate the remainder when 83 is divided by 16.
3
Calculate the remainder when 149 is divided by 38.
35
Calculate the remainder when 622 is divided by 7.
6
What is the remainder when 28 is divided by 9?
1
What is the remainder when 357 is divided by 94?
75
Calculate the remainder when 2695 is divided by 20.
15
What is the remainder when 220 is divided by 36?
4
What is the remainder when 419 is divided by 42?
41
What is the remainder when 47 is divided by 10?
7
Calculate the remainder when 1515 is divided by 30.
15
What is the remainder when 708 is divided by 233?
9
What is the remainder when 31 is divided by 11?
9
Calculate the remainder when 33738 is divided by 14.
12
Calculate the remainder when 69 is divided by 38.
31
What is the remainder when 949 is divided by 56?
53
What is the remainder when 1037 is divided by 20?
17
Calculate the remainder when 716 is divided by 54.
14
Calculate the remainder when 112 is divided by 97.
15
Calculate the remainder when 551 is divided by 77.
12
Calculate the remainder when 118 is divided by 42.
34
What is the remainder when 280 is divided by 95?
90
Calculate the remainder when 161 is divided by 36.
17
What is the remainder when 1765 is divided by 57?
55
What is the remainder when 22 is divided by 20?
2
What is the remainder when 989 is divided by 11?
10
What is the remainder when 3100 is divided by 221?
6
What is the remainder when 1675 is divided by 29?
22
What is the remainder when 138 is divided by 38?
24
Calculate the remainder when 2437 is divided by 51.
40
What is the remainder when 603 is divided by 23?
5
Calculate the remainder when 749 is divided by 125.
124
What is the remainder when 53591 is divided by 56?
55
What is the remainder when 3908 is divided by 115?
113
What is the remainder when 136 is divided by 40?
16
What is the remainder when 17 is divided by 4?
1
Calculate the remainder when 79 is divided by 20.
19
Calculate the remainder when 315 is divided by 196.
119
What is the remainder when 130 is divided by 22?
20
Calculate the remainder when 1632 is divided by 15.
12
Calculate the remainder when 6136 is divided by 22.
20
Calculate the remainder when 93 is divided by 17.
8
Calculate the remainder when 120 is divided by 38.
6
Calculate the remainder when 3627 is divided by 151.
3
Calculate the remainder when 179 is divided by 61.
57
Calculate the remainder when 332 is divided by 65.
7
What is the remainder when 152 is divided by 53?
46
Calculate the remainder when 2535 is divided by 138.
51
Calculate the remainder when 58 is divided by 38.
20
What is the remainder when 2873 is divided by 21?
17
What is the remainder when 733 is divided by 35?
33
Calculate the remainder when 769 is divided by 111.
103
Calculate the remainder when 323 is divided by 97.
32
What is the remainder when 876 is divided by 21?
15
Calculate the remainder when 29 is divided by 15.
14
What is the remainder when 1671 is divided by 834?
3
Calculate the remainder when 129 is divided by 52.
25
Calculate the remainder when 11500 is divided by 18.
16
Calculate the remainder when 197 is divided by 17.
10
What is the remainder when 901 is divided by 4?
1
What is the remainder when 163 is divided by 42?
37
Calculate the remainder when 69 is divided by 9.
6
Calculate the remainder when 17 is divided by 2.
1
What is the remainder when 1111 is divided by 188?
171
What is the remainder when 305 is divided by 48?
17
What is the remainder when 392 is divided by 22?
18
Calculate the remainder when 331 is divided by 67.
63
What is the remainder when 101 is divided by 17?
16
What is the remainder when 730 is divided by 122?
120
What is the remainder when 70 is divided by 3?
1
Calculate the remainder when 72 is divided by 27.
18
Calculate the remainder when 2664 is divided by 268.
252
What is the remainder when 302 is divided by 152?
150
Calculate the remainder when 1000 is divided by 175.
125
Calculate the remainder when 547 is divided by 35.
22
Calculate the remainder when 911 is divided by 8.
7
Calculate the remainder when 272 is divided by 57.
44
What is the remainder when 357 is divided by 8?
5
Calculate the remainder when 69 is divided by 5.
4
What is the remainder when 5666 is divided by 107?
102
Calculate the remainder when 2883 is divided by 78.
75
Calculate the remainder when 131 is divided by 38.
17
What is the remainder when 156 is divided by 39?
0
What is the remainder when 49 is divided by 20?
9
What is the remainder when 189 is divided by 188?
1
What is the remainder when 7555 is divided by 14?
9
Calculate the remainder when 147 is divided by 147.
0
What is the remainder when 7 is divided by 7?
0
Calculate the remainder when 234 is divided by 62.
48
Calculate the remainder when 6136 is divided by 18.
16
Calculate the remainder when 53 is divided by 6.
5
What is the remainder when 2855 is divided by 14?
13
Calculate the remainder when 1443 is divided by 9.
3
What is the remainder when 8017 is divided by 8005?
12
Calculate the remainder when 76 is divided by 27.
22
Calculate the remainder when 213 is divided by 32.
21
What is the remainder when 71 is divided by 42?
29
Calculate the remainder when 48 is divided by 7.
6
Calculate the remainder when 84 is divided by 8.
4
Calculate the remainder when 28 is divided by 14.
0
Calculate the remainder when 184 is divided by 31.
29
What is the remainder when 1433 is divided by 206?
197
Calculate the remainder when 272 is divided by 270.
2
Calculate the remainder when 124 is divided by 71.
53
What is the remainder when 32 is divided by 12?
8
What is the remainder when 202 is divided by 61?
19
Calculate the remainder when 96 is divided by 52.
44
What is the remainder when 226 is divided by 70?
16
What is the remainder when 189 is divided by 66?
57
What is the remainder when 2550 is divided by 88?
86
Calculate the remainder when 626 is divid